23. What is the units digit of w?
0
Suppose -s + 923 = 3*k - 8*k, 958 = s + 2*k. What is the units digit of s?
8
Suppose -d = -6*d. Let s be (-4)/(d + (-2)/111). What is the tens digit of (-18)/(-12)*s/9?
3
Let i(a) = -a**3 - 6*a**2 - 5*a - 8. Let u be i(-4). What is the tens digit of 1/((u/10)/(14*-2))?
1
Let m(u) = 1015*u + 119. What is the thousands digit of m(2)?
2
Suppose -12 = -4*v + 4*c, 2 = 4*v - 5*c + 3*c. Let u(t) = 2*t**2 + t - 2. Let g be u(v). What is the tens digit of 37/(g/12*3)?
3
Suppose 0 = -4*y - 3*v + 830 + 1731, 2*y - 2*v = 1298. What is the hundreds digit of y?
6
Let o = 22 + -26. Let h be o/3 + 355/3. Suppose -19 = 2*n - h. What is the tens digit of n?
4
Let v be (-5)/(20/8) + 1. Let y be v/((-1)/3) + -2. Suppose -2*b + y = -27. What is the tens digit of b?
1
Suppose 232 = 5*p - 258. What is the units digit of p?
8
Suppose q - 8792 = -27*q. What is the tens digit of q?
1
What is the thousands digit of (-11)/((-77)/35567)*1?
5
Let g be -3 - -21*(-1 + -27). Let j be g/(-9) + 15/(-9). Let x = j - -7. What is the tens digit of x?
7
Let a(q) = -q**3 - 4*q**2 + q + 7. Let l = 56 - 61. What is the units digit of a(l)?
7
Let q = -7 + 12. Suppose b + 192 = 4*t, -2*b - 74 = -q*t + 166. What is the units digit of t?
8
Let i = 17 - 2. Suppose -i = -6*t + 207. What is the tens digit of t?
3
Suppose -3*j = -3 - 9. Let x = j + 37. What is the tens digit of x?
4
Suppose 137 = 5*y + 5*c + 652, 515 = -5*y + 5*c. What is the tens digit of 8/(-3 - -1) - y?
9
Suppose o = -4*v - 9 - 3, -5*v - 20 = 0. What is the units digit of (-2 + o/1 - 1)*1?
1
Let q = -43 + 32. Let h = q - -65. Suppose -2*i + h = -22. What is the units digit of i?
8
Let k(w) = 173*w + 1. What is the tens digit of k(4)?
9
Let v be 285/4 + (-36)/(-48). Suppose -5*q = -4*b + 379 - 124, -b + v = -4*q. What is the tens digit of b?
6
What is the tens digit of (-21489)/(-4) - (-5)/(-4)?
7
Let n = 412 + -247. Let z be 30/n - (-218)/11. What is the tens digit of (-10)/z + 23/2?
1
Suppose -5*b - 4*a = -0*a - 384, 3*b + a - 229 = 0. Suppose -3*u - u = -b. Suppose -2*i = -i - u. What is the units digit of i?
9
Let l(v) = -v**3 - 8*v**2 + 9*v + 25. Let a be -1 + ((2 - -10)/(-1) - -4). What is the units digit of l(a)?
5
Let s(r) = -2*r - 27. Let a be s(-15). Suppose 102 = -3*b + 3*c, 0 = 4*c - a*c - 5. Let p = b - -45. What is the tens digit of p?
1
Let l(y) = -2*y**2 + 82*y + 55. What is the tens digit of l(38)?
8
Suppose f + 4*f + 3 = -2*r, 18 = 5*r + 4*f. Let m be 2*3/r - -1. Suppose -4 - 12 = -m*u. What is the units digit of u?
8
Let g = 1994 + -1101. What is the units digit of g?
3
Suppose -2*y = -2*q - 2 - 12, -q = 2*y - 5. Suppose -26 = -y*w + 22. What is the units digit of w?
2
Let t(u) = -u**3 - 7*u**2 + 5*u + 12. Let h be t(-8). Suppose v = 7*v - h. What is the units digit of v?
6
Let l be (3 - (3 + 1))*-3. Suppose o + l*x - 43 = 0, -3*o + 2*x = -161 + 54. Suppose -o - 47 = -4*v. What is the tens digit of v?
2
Let r = -10 + 12. Suppose -2*f = -4*q + r*q + 30, 0 = -2*f + 4. What is the tens digit of q?
1
Suppose -4*k - 10 = -6*k. Suppose 1 = -2*n + k. What is the tens digit of 63/n + 21/14?
3
Suppose -u = 2*r - 38, r = 4*r + 2*u - 55. Let k = 38 + -44. Let a = k + r. What is the units digit of a?
5
Suppose 0 = -2*v + 5*p + 50, 3*p - p - 50 = -2*v. Suppose v = 5*y - 140. Let w = -17 + y. What is the tens digit of w?
1
Let g be (0 + 1)/((-1)/(-5)). Suppose g*f - n - 110 = 0, 2*f - 24 = -3*n + 3. Suppose 0 = -5*l - 5*j + 30, 4*j = l - 0*j - f. What is the units digit of l?
9
Let j = 74 + -138. Let l be j/(-36) - 4/(-18). Suppose 3*g = l*f + 2*f + 76, 136 = 5*g - 2*f. What is the units digit of g?
8
Suppose 27 = 3*h - 6. Suppose -5*z + 3*r = 7, -z + 24 = 4*r + 7. What is the units digit of h + (2 - (-2 + z))?
4
Let r = -1355 - -2351. What is the units digit of r?
6
Let q be (84/8)/3*6. Let c be (72/q)/((-2)/(-7)). Suppose 0 = -11*n + c*n - 1. What is the units digit of n?
1
Let n(a) = -2*a - 16. Let w be n(-8). Let d(r) = r**3 + r**2 - 2*r + 205. What is the units digit of d(w)?
5
Suppose -2638 - 2934 = -2*d - 2*s, -3*d = -5*s - 8374. What is the thousands digit of d?
2
Suppose -325 = -2*b + 275. Suppose 8*x - 7*x - 3*c - 147 = 0, -3*c - b = -2*x. What is the hundreds digit of x?
1
Let c = -110 - -56. Let g be 1/(0 + (-1)/c). What is the units digit of (-24)/18*g/(-4)?
8
Let g(k) = -4*k + 10. Let m(s) = -s**3 + 4*s**2. Let x be m(4). Suppose x = -5*h - 5*t - 10, 16 = -2*h - 0*h + t. What is the tens digit of g(h)?
3
Let b = -102 - -68. Let h = b - -42. What is the units digit of h?
8
Let f(m) = -13*m. Let v be f(-1). Let r(c) = c**3 - 12*c**2 - 12*c - 11. Let h be r(v). Suppose 3*a - 9 = h*a. What is the units digit of a?
9
Suppose 4*b = -3*k + 151, -20 = -3*k - b + 128. Suppose -2*d + k = f, 4*d + 9*f - 101 = 4*f. What is the units digit of d?
4
Let q = 45 - -23. Let o = q - 13. What is the units digit of o?
5
Let j = -17 + 19. Suppose 0 = -2*s + 3*i - 10, s + 6 = -j*i + 3*i. What is the tens digit of (12/(-10))/(s/100)?
1
Let l(d) = -15*d + 1. Suppose 4*y = 25 + 3. Suppose -2 = -5*p - y. What is the tens digit of l(p)?
1
What is the units digit of ((-230)/7)/((-24)/168)?
0
Let n be (((-16)/6)/2)/(4/30). Let y(b) = 3*b - 2. Let h be y(1). What is the units digit of (n/4)/(h/(-2))?
5
Suppose 2*c - 12593 = -5*o, -154*c + 158*c = 2*o - 5042. What is the units digit of o?
9
What is the tens digit of 18954/10 - (-22 - 2140/(-100))?
9
Suppose -6*h + 286 = 46. What is the tens digit of h?
4
Suppose 10700 = 4*u - 4*b, -3*u - 2*b = 2*b - 8060. Suppose 7*z - u = -3*z. What is the tens digit of z?
6
Suppose 2*a - 4*a + 116 = 0. Suppose -288 = -5*m - a. What is the units digit of m?
6
Let f be (-4 - -2) + 6 - 320. What is the units digit of (-2)/6 + f/(-3)?
5
Let l(i) = i**3 + i**2 + i. Let o(d) = 76*d**3 - 4*d**2 - d - 2. Let z(a) = 3*l(a) + o(a). What is the units digit of z(1)?
8
Let d = 2 + -2. Let c be ((-22)/22)/((-1)/16). Suppose -4*m = c, 2*m + d*m + 15 = t. What is the units digit of t?
7
Let a(o) = 3*o**2 + 2*o - 3. Suppose 8*p - 11 - 13 = 0. What is the units digit of a(p)?
0
Suppose 3*q + 680 = 2*u + 2533, 3*q + 3*u - 1878 = 0. What is the tens digit of q?
2
Let h(k) = 36*k - 19. Let m be h(-7). What is the tens digit of -1 + 1 + (-3)/(-1) - m?
7
Let l(u) = -5*u + 29 + 51 + 12*u - 29. What is the units digit of l(-5)?
6
Suppose -k - 3722 = -2*g, -4*k + 626 - 4354 = -2*g. What is the thousands digit of g?
1
What is the tens digit of (-2)/(-1) + 728 + (12 - 8)?
3
Let c = 2320 - 1572. What is the hundreds digit of c?
7
Suppose -o - 3*c = -0*o - 625, 4*o - 2458 = 2*c. What is the hundreds digit of o?
6
Suppose -5*a + 1056 = -a. Suppose -6*y - a = -8*y. Let g = y + -78. What is the tens digit of g?
5
What is the tens digit of 10 - 5 - 1 - -1665?
6
Suppose 4*j - 6*j - 66 = 0. Let m be (-19)/(-3) - (-11)/j. Suppose -66 = 5*l - m*l. What is the tens digit of l?
6
Let l(k) = -k**2 + 22*k - 2. Suppose 4*x = 2*x - 10, -5*n + 100 = -x. What is the tens digit of l(n)?
5
Let r = 2772 + -1726. What is the tens digit of r?
4
Suppose -8*d + 2975 = -1985. What is the hundreds digit of d?
6
Suppose 14 = -12*i + 50. What is the hundreds digit of (-3432)/(-20) - ((-18)/(-10))/i?
1
Suppose 2 = 2*c - 8. Suppose -3*n + 11 = c*t, t = -2*n + 5 - 0. What is the tens digit of (n/(-8))/((-6)/1752)?
7
Suppose -5*d - 213 = 2*u, 3*d + d = 3*u - 152. Let c = d + 86. What is the units digit of c?
5
Suppose -28*p = -29*p - 3. What is the units digit of ((-20)/p)/(4/48)?
0
Let i = -1 + 1. Suppose -4*m + i*m = 36. Let c = m - -25. What is the tens digit of c?
1
Let i(u) = -3*u - 34. Let x = -32 + 16. What is the tens digit of i(x)?
1
Let k(r) = 2*r**2 - 42*r - 7. What is the units digit of k(-5)?
3
Let v(f) = -39*f**3 + 2*f**2 - 11*f - 17. What is the tens digit of v(-2)?
2
Let x = 22 + -23. Let o be 0 - (x + -2 + 0). Suppose 2*s + 64 = 5*s - p, 4*p = -o*s + 59. What is the units digit of s?
1
Suppose -2*c + 7*c = 260. Suppose 3 + c = 5*v. What is the units digit of v?
1
Let w(y) = -30*y + 8. Let t be (-3 + 7/3)/((-2)/(-9)). What is the tens digit of w(t)?
9
Let l = -129 + 824. What is the tens digit of l?
9
Let c(k) = 436*k - 76. What is the units digit of c(4)?
8
Let n(p) = -p**2 + 13*p + 18. Let f be n(14). S